highest common factor of 7267 and 5031?
559
Calculate the greatest common divisor of 312 and 170638.
26
Calculate the highest common divisor of 32701 and 3085.
617
What is the highest common factor of 15 and 13110?
15
What is the greatest common divisor of 41236 and 8?
4
Calculate the greatest common divisor of 15932 and 48.
4
What is the highest common factor of 348 and 2496?
12
What is the greatest common divisor of 61369 and 2706?
11
What is the highest common factor of 1156 and 8088532?
1156
What is the greatest common divisor of 1243 and 352?
11
What is the greatest common divisor of 266 and 966?
14
Calculate the greatest common divisor of 8607 and 8664.
57
What is the greatest common divisor of 626990 and 560?
70
What is the highest common factor of 2488 and 2876?
4
Calculate the greatest common divisor of 33 and 919886.
11
Calculate the greatest common factor of 10375 and 21995.
415
Calculate the highest common divisor of 2250 and 2064750.
750
Calculate the greatest common factor of 40 and 9235.
5
Calculate the greatest common factor of 709 and 1.
1
Calculate the highest common factor of 429 and 62049.
39
Calculate the greatest common divisor of 1992 and 4624.
8
Calculate the greatest common divisor of 6 and 4102800.
6
What is the greatest common factor of 9 and 160866?
9
Calculate the highest common divisor of 305694 and 111.
111
Calculate the highest common divisor of 2894851 and 2931.
977
Calculate the greatest common divisor of 20838 and 1242.
138
Calculate the highest common divisor of 258 and 118035.
129
Calculate the greatest common factor of 110520 and 900.
180
What is the highest common divisor of 476 and 362304?
68
Calculate the highest common factor of 21 and 334131.
21
What is the greatest common factor of 10388 and 3584?
28
What is the greatest common factor of 198000 and 2178?
198
Calculate the highest common divisor of 95 and 1340830.
95
What is the greatest common divisor of 482 and 38?
2
Calculate the highest common divisor of 7098 and 13468.
182
Calculate the greatest common factor of 99 and 1005741.
99
What is the greatest common factor of 14 and 35686?
14
Calculate the highest common divisor of 522 and 10386.
18
What is the greatest common factor of 7 and 93121?
7
What is the greatest common divisor of 52779 and 964?
241
What is the highest common divisor of 13983 and 63042?
237
Calculate the greatest common factor of 803775 and 1575.
525
Calculate the greatest common factor of 372 and 1452.
12
Calculate the highest common factor of 2276200 and 10.
10
Calculate the highest common divisor of 564 and 27228.
12
Calculate the highest common factor of 243672 and 312.
312
Calculate the highest common factor of 573 and 3526051.
191
Calculate the greatest common factor of 1 and 8201.
1
What is the greatest common divisor of 276 and 145728?
276
What is the highest common divisor of 419593 and 262?
131
Calculate the highest common divisor of 117 and 71201.
13
Calculate the highest common factor of 2605635 and 270.
135
What is the greatest common divisor of 89 and 1016825?
89
Calculate the greatest common factor of 1156 and 73984.
1156
Calculate the greatest common factor of 5856 and 6283.
61
Calculate the highest common factor of 864 and 28800.
288
What is the greatest common divisor of 9951 and 175908?
321
Calculate the greatest common factor of 3060 and 211905.
765
What is the highest common divisor of 268 and 2684690?
134
Calculate the highest common divisor of 807 and 48.
3
What is the greatest common factor of 6230 and 18970?
70
Calculate the greatest common divisor of 220164 and 7.
7
Calculate the greatest common divisor of 1412684 and 1274.
182
What is the highest common factor of 21 and 24577?
7
What is the highest common factor of 305 and 268705?
305
What is the greatest common divisor of 2730 and 34860?
210
Calculate the highest common divisor of 614 and 10.
2
What is the greatest common divisor of 1112 and 49762?
278
Calculate the highest common factor of 479 and 3741.
1
Calculate the greatest common divisor of 486 and 996354.
54
Calculate the greatest common factor of 7960 and 2360.
40
What is the highest common factor of 30492 and 276?
12
Calculate the highest common factor of 64 and 297792.
64
What is the highest common factor of 36 and 472491?
9
What is the highest common divisor of 127530 and 180?
90
Calculate the highest common divisor of 24 and 118056.
24
Calculate the highest common factor of 138735 and 225.
45
What is the greatest common divisor of 1093996 and 116?
116
What is the highest common factor of 4313 and 627?
19
Calculate the highest common factor of 2548 and 154791.
637
What is the highest common divisor of 1156 and 504305?
289
Calculate the greatest common factor of 132 and 13512.
12
What is the highest common factor of 195 and 1205?
5
What is the highest common factor of 90983 and 148?
37
Calculate the highest common factor of 718 and 357205.
359
Calculate the greatest common divisor of 5330 and 1430.
130
What is the greatest common divisor of 1683 and 20961?
153
Calculate the highest common factor of 495 and 29535.
165
Calculate the highest common divisor of 54784 and 107.
107
What is the greatest common divisor of 1458 and 200826?
54
Calculate the highest common divisor of 375186 and 63.
21
Calculate the greatest common divisor of 606 and 1083.
3
Calculate the highest common divisor of 652 and 489.
163
What is the highest common divisor of 202852 and 3276?
52
What is the highest common factor of 628314 and 322?
46
What is the greatest common divisor of 119 and 1407?
7
What is the greatest common factor of 1998 and 89207?
37
What is the greatest common divisor of 110551 and 6783?
119
What is the greatest common divisor of 873323 and 77?
11
Calculate the highest common factor of 1085 and 28799.
31
Calculate the greatest common divisor of 3402 and 182.
14
What is the highest common factor of 284976 and 5904?
144
What is the highest common factor of 88505 and 93?
31
Calculate the highest common factor of 194201 and 14.
7
What is the highest common factor of 33194 and 546?
14
What is the highest common factor of 550 and 15070?
110
Calculate the greatest common divisor of 26741 and 24531.
221
What is the highest common divisor of 1473402 and 77?
7
Calculate the highest common divisor of 1944 and 13122.
486
What is the greatest common divisor of 72 and 4079682?
18
What is the highest common factor of 116 and 18386?
58
Calculate the highest common factor of 276 and 1308.
12
What is the highest common divisor of 1243 and 106333?
113
Calculate the greatest common factor of 3679653 and 1239.
177
Calculate the greatest common factor of 44398 and 2765.
79
What is the greatest common divisor of 126 and 15966?
18
Calculate the highest common divisor of 2352 and 28812.
588
Calculate the highest common factor of 122813 and 9168.
191
What is the highest common factor of 4 and 676?
4
Calculate the greatest common factor of 107 and 2178520.
107
What is the greatest common divisor of 17253 and 1633?
71
What is the greatest common factor of 161 and 2967713?
161
Calculate the greatest common divisor of 23876 and 44196.
508
What is the greatest common factor of 2600 and 11560?
40
What is the highest common factor of 9 and 1333737?
9
What is the highest common factor of 148460 and 1820?
260
Calculate the highest common divisor of 1994 and 2348.
2
Calculate the highest common divisor of 6846 and 24.
6
Calculate the highest common divisor of 1663024 and 968.
968
Calculate the greatest common factor of 7006 and 7564.
62
Calculate the greatest common divisor of 56066 and 970.
194
What is the highest common factor of 5670 and 380?
10
Calculate the highest common factor of 1044 and 332.
4
Calculate the highest common divisor of 327264 and 14.
14
What is the highest common factor of 98826 and 7098?
546
Calculate the highest common divisor of 98 and 145579.
49
What is the highest common factor of 13952 and 2071?
109
Calculate the highest common divisor of 1633 and 9637.
23
Calculate the greatest common factor of 387 and 58738.
43
What is the greatest common divisor of 616 and 1365518?
154
What is the greatest common factor of 23679 and 13419?
27
What is the highest common divisor of 243642 and 126?
42
Calculate the grea